{"id":186,"date":"2021-05-03T12:56:45","date_gmt":"2021-05-03T12:56:45","guid":{"rendered":"https:\/\/hn.mehiku.han-solo.net\/?page_id=186"},"modified":"2022-09-13T09:25:00","modified_gmt":"2022-09-13T09:25:00","slug":"grundriss-atelier-dg","status":"publish","type":"page","link":"https:\/\/on16.de\/?page_id=186","title":{"rendered":"Atelierwohnung"},"content":{"rendered":"\r\n<p><span style=\"font-size: 16px;\">Der s\u00fcdliche Blick streift \u00fcber die Baumwipfel von Hermsdorf bis hin zum Fernsehturm am Alexanderplatz. Zwei zus\u00e4tzliche Balkone mit S\u00fcd-Ost- und Westausrichtung erlauben gro\u00dfartige Blickachsen in alle Richtungen.<\/span><\/p>\r\n<p><span style=\"font-size: 16px;\">\r\n\r\n<\/span><\/p>\r\n<p><span style=\"font-size: 16px;\">Lichtdurchflutet durch die optimale Ausrichtung der bodentiefen Fenster in den Wohnbereichen, die sich \u00fcber die gesamte Wohnungsbreite erstrecken. Als weitere Quelle einer optimalen Lichtnutzung sind zahlreiche Dachfl\u00e4chenfenster verbaut.<\/span><\/p>\r\n<p><span style=\"font-size: 16px;\">\r\n\r\n<\/span><\/p>\r\n<p><span style=\"font-size: 16px;\">Der Aufzug mit Direktzugang f\u00fchrt in die grunds\u00e4tzlich barrierefreie Atelierwohnung. Fu\u00dfbodenheizung und Klimaanlage, Vollholzparkett gew\u00e4hrleisten Wohnkomfort zu jeder Jahreszeit. Die Decke zum Galeriegeschoss ist in Beton ausgef\u00fchrt, die W\u00e4nde der Atelierwohung in Kalksandstein.<\/span><\/p>\r\n<p><span style=\"font-size: 16px;\">\r\n\r\n<\/span><\/p>\r\n<p><span style=\"font-size: 16px;\">Heller Wohn- und Essbereich mit offener K\u00fcche.<\/span><\/p>\r\n<p><span style=\"font-size: 16px;\">\r\n\r\n<\/span><\/p>\r\n<p><span style=\"font-size: 16px;\">Kaminanschluss.<\/span><\/p>\r\n\r\n<p style=\"text-align: center;\"><a href=\"https:\/\/on16.de\/wp-content\/uploads\/2022\/09\/Wohnung-1-Atelierwohnung.jpg\" target=\"_blank\" rel=\"noopener\"><img loading=\"lazy\" decoding=\"async\" src=\"https:\/\/on16.de\/wp-content\/uploads\/2022\/09\/Wohnung-1-Atelierwohnung.jpg\" alt=\"\" width=\"1086\" height=\"570\" class=\"alignnone wp-image-938 size-full\" srcset=\"https:\/\/on16.de\/wp-content\/uploads\/2022\/09\/Wohnung-1-Atelierwohnung.jpg 1086w, https:\/\/on16.de\/wp-content\/uploads\/2022\/09\/Wohnung-1-Atelierwohnung-300x157.jpg 300w, https:\/\/on16.de\/wp-content\/uploads\/2022\/09\/Wohnung-1-Atelierwohnung-1024x537.jpg 1024w, https:\/\/on16.de\/wp-content\/uploads\/2022\/09\/Wohnung-1-Atelierwohnung-768x403.jpg 768w\" sizes=\"auto, (max-width: 1086px) 100vw, 1086px\" \/><\/a><\/p>\r\n<p style=\"text-align: center;\"><\/p>\r\n<p style=\"text-align: center;\"><a href=\"https:\/\/on16.de\/wp-content\/uploads\/2022\/09\/Wohnung-11-Flaeche.jpg\" target=\"_blank\" rel=\"noopener\"><img loading=\"lazy\" decoding=\"async\" src=\"https:\/\/on16.de\/wp-content\/uploads\/2022\/09\/Wohnung-11-Flaeche.jpg\" alt=\"\" width=\"470\" height=\"507\" class=\"alignnone wp-image-983 size-full\" srcset=\"https:\/\/on16.de\/wp-content\/uploads\/2022\/09\/Wohnung-11-Flaeche.jpg 470w, https:\/\/on16.de\/wp-content\/uploads\/2022\/09\/Wohnung-11-Flaeche-278x300.jpg 278w\" sizes=\"auto, (max-width: 470px) 100vw, 470px\" \/><\/a><\/p>","protected":false},"excerpt":{"rendered":"<p>Der s\u00fcdliche Blick streift \u00fcber die Baumwipfel von Hermsdorf bis hin zum Fernsehturm am Alexanderplatz. Zwei zus\u00e4tzliche Balkone mit S\u00fcd-Ost- und Westausrichtung erlauben gro\u00dfartige Blickachsen in alle Richtungen. Lichtdurchflutet durch &#8230;<\/p>\n","protected":false},"author":1,"featured_media":0,"parent":0,"menu_order":0,"comment_status":"closed","ping_status":"closed","template":"","meta":{"footnotes":""},"class_list":["post-186","page","type-page","status-publish","hentry"],"_links":{"self":[{"href":"https:\/\/on16.de\/index.php?rest_route=\/wp\/v2\/pages\/186","targetHints":{"allow":["GET"]}}],"collection":[{"href":"https:\/\/on16.de\/index.php?rest_route=\/wp\/v2\/pages"}],"about":[{"href":"https:\/\/on16.de\/index.php?rest_route=\/wp\/v2\/types\/page"}],"author":[{"embeddable":true,"href":"https:\/\/on16.de\/index.php?rest_route=\/wp\/v2\/users\/1"}],"replies":[{"embeddable":true,"href":"https:\/\/on16.de\/index.php?rest_route=%2Fwp%2Fv2%2Fcomments&post=186"}],"version-history":[{"count":30,"href":"https:\/\/on16.de\/index.php?rest_route=\/wp\/v2\/pages\/186\/revisions"}],"predecessor-version":[{"id":988,"href":"https:\/\/on16.de\/index.php?rest_route=\/wp\/v2\/pages\/186\/revisions\/988"}],"wp:attachment":[{"href":"https:\/\/on16.de\/index.php?rest_route=%2Fwp%2Fv2%2Fmedia&parent=186"}],"curies":[{"name":"wp","href":"https:\/\/api.w.org\/{rel}","templated":true}]}}